0. Let d be (5238/(-9603))/((-3)/1694). What is the highest common factor of i and d?
22
Let o = 37556 + 46822. What is the greatest common factor of 123 and o?
123
Suppose -5*o + a = -318, 29*a + 177 = 3*o + 33*a. Suppose 97 - 38 = r. Let h = o - r. Calculate the greatest common factor of h and 10.
2
Let d be (-231)/(-6) + (-1)/(-2). Suppose j + 502 = 6*j - 14*r, 0 = 5*r + 40. Calculate the highest common divisor of d and j.
39
Let g be (-208)/(-26) + (-6 - -24). Calculate the greatest common divisor of g and 25623.
13
Let a = 104 - 110. Let w be (2 + -3)/(a/(-534)). Let o = w + 90. What is the greatest common factor of 9 and o?
1
Suppose 5*p - 535 = 5*f, 3*p - 124 = -4*f + 190. Let y = p + -67. Calculate the greatest common factor of y and 624.
39
Suppose -3*x + 6 = 0, -3 = 4*f - 5*x - 5. Suppose f*r - 101 - 34 = 0. Let t be r/(-27)*1*(-54)/2. What is the highest common divisor of 9 and t?
9
Let n = -3277 + 3280. Calculate the greatest common divisor of 11631 and n.
3
Suppose 47*s + 126 = 45*s. Let q be s/14*104/(-6). What is the greatest common factor of 18 and q?
6
Suppose 56*u + 18 = 50*u. Let m be (-426)/(-21) - (u - (-92)/28). What is the greatest common factor of m and 80?
20
Let d = 41370 + -41365. Suppose 225 = 5*b - 0*b. What is the highest common divisor of d and b?
5
Let t = -92 + 43. Let a = 81 + t. What is the highest common divisor of a and 4?
4
Let s = 64 + -22. Suppose 6*q - 570 = q. Let z = q - 108. What is the greatest common factor of z and s?
6
Let r be (-12)/(-48)*126*12/27. Calculate the highest common divisor of 3122 and r.
14
Let f = 119 - -27. Let b = f - 131. What is the highest common factor of b and 120?
15
Let v(d) = -12*d - 36. Let a = 125 + -131. Let z be v(a). Calculate the greatest common divisor of z and 4.
4
Let f(j) = -300*j**2 + 301*j**2 + 0 + 16. Let v be f(-7). Suppose -5*x = 3*z + 2*z - v, 3*x = 5*z + 23. What is the highest common divisor of x and 77?
11
Suppose 0 = -21*h + 12*h - 5130. Let m = h + 580. Calculate the highest common factor of m and 5.
5
Let u = -66 + 146. Let g be (-14)/28 + (-10)/(-4). Let x be 1/(-4)*g*-20. What is the highest common factor of x and u?
10
Let m be ((-3507)/12)/((-60)/(-16) - 4). Calculate the highest common factor of 14 and m.
7
Let q(k) = -k**3 - 11*k**2 + 23*k + 25. Let z be q(-13). Suppose 92*y - 84*y = z. Calculate the highest common factor of 216 and y.
8
Let h(w) = 1100*w**2 + 157*w + 477. Let s be h(-3). Calculate the highest common factor of 39 and s.
39
Suppose 4*g - c + 2*c + 10 = 0, 3*g - 4 = 5*c. Let m be 0 + 0 + (3 - 48). Let s = g - m. Calculate the highest common divisor of s and 172.
43
Suppose 48*i + 241 = 57 + 2776. Calculate the greatest common divisor of i and 3807.
27
Let n(l) = 7*l - 30. Let g be n(6). Suppose -g = 3*d - 7*d. Suppose -117 = -6*t - d*t. What is the greatest common divisor of t and 91?
13
Suppose -3*m = u - 672, 0*u + 4*u - 2688 = -4*m. What is the highest common divisor of 42 and u?
42
Suppose 204 + 821 - 17 = 8*o. What is the highest common divisor of 5544 and o?
126
Let q(s) = -s**3 + 50*s**2 - 44*s - 131. Let i be q(49). Calculate the highest common factor of i and 24.
6
Let j(l) = 9*l**2 + 37*l - 24. Let g be j(10). Calculate the greatest common divisor of 178 and g.
178
Let a = -91 - -84. Let s be 2/a + (-11254)/(-238). Calculate the greatest common factor of s and 517.
47
Let t(l) = 3*l**3 - 14*l**2 + 21*l - 128. Let y be t(10). What is the highest common factor of 290 and y?
58
Suppose -y - 238 = -5*i + 60, -4*i = -3*y - 234. What is the highest common divisor of i and 510?
30
Let u(t) = t**2 + 24. Let c be u(0). Let z(w) = -3345*w + 70251. Let f be z(21). What is the greatest common divisor of f and c?
6
Let u(n) = n**2 + 7*n - 12. Let d be u(4). Suppose 4*p + d = 2*h - 42, -h + 49 = p. Calculate the highest common divisor of 225 and h.
45
Let i be 2/(60/(-18) - -3). Let b(c) = -2*c**3 - 10*c**2 + 8*c - 8. Let n be b(i). What is the greatest common factor of 8 and n?
8
Let d = -10808 - -16350. Calculate the greatest common factor of 170 and d.
34
Let s(j) = -j**3 + 7*j**2 + 3*j - 2. Let c be s(6). Let v(m) = m**2 + 51*m - 97. Let k be v(-54). Calculate the highest common factor of k and c.
13
Let g be (-7)/(-28) - (5507/(-4) - 2). Suppose q = 5*q - 3*m - g, -3*m = q - 326. What is the highest common factor of 31 and q?
31
Let p(q) = 4*q**3 - 3*q**2 - 2*q - 12. Let v be p(5). Suppose 7*j - v - 430 = 0. Suppose 0 = -12*f + 5*f + j. What is the greatest common divisor of f and 136?
17
Let o be (16/(-100))/(6/15) + 1617/5. What is the greatest common factor of o and 589?
19
Suppose 581 + 147 = 14*b. Suppose -l = 2*k - 76 + 29, k - b = -l. What is the greatest common divisor of 95 and l?
19
Suppose -2431*f - 658 = -2438*f. Suppose 2*z + f = 136. Calculate the greatest common divisor of z and 133.
7
Suppose -3*a = -5*v - 621, 38*a - 621 = 35*a - 5*v. Calculate the greatest common factor of a and 99.
9
Let m(v) = -2*v**3 - 65*v**2 + 15*v - 126. Let p be m(-33). Calculate the greatest common divisor of 364 and p.
52
Suppose 5*d + 5*h = 920, 2*d = 30*h - 34*h + 358. Calculate the highest common divisor of d and 3087.
63
Suppose -339 + 20688 = 21*j. Calculate the highest common divisor of 663 and j.
51
Let r = 13550 + -13470. Calculate the highest common divisor of 2660 and r.
20
Let m = 8117 + -8002. What is the highest common factor of 20 and m?
5
Suppose 4*k = -i + 1400 + 916, 0 = -5*i - 3*k + 11648. What is the greatest common divisor of i and 352?
44
Let u(v) = -v**2 - 158*v - 1339. Let t be u(-76). What is the greatest common factor of 126 and t?
21
Let l = -233 - -236. Suppose l*c = -5*k + 25, 0 = k - 4*c + 7*c + 7. What is the highest common divisor of 80 and k?
8
Suppose 2*v - 6*v + u = -137, 15 = 5*u. Let o be (-2)/9 - (-1920)/135. Calculate the greatest common divisor of o and v.
7
Let f be (2 - 464/10)/((-60)/1400). Let j = f + -595. Calculate the highest common factor of 49 and j.
49
Let x(w) = -w**2 - 45*w - 86. Let g be x(-23). What is the greatest common divisor of 5565 and g?
105
Suppose -9*p - 754 = 488. Let o = p - -238. What is the greatest common divisor of o and 25?
25
Let v be -15*(((-646)/95 - -9) + 1*-3). What is the highest common divisor of 4755 and v?
3
Let n be 1 + -57*(-2)/3. Suppose -p + 2*u + 441 = 0, 12*p - 1743 = u + 3411. What is the highest common divisor of p and n?
39
Let j = -3 - 1. Let y = j - -6. Let h be ((-23)/(1725/(-30)))/((-1)/20*-2). Calculate the highest common divisor of y and h.
2
Suppose 75 + 37 = 14*s. Suppose -148*p + s = -147*p. Calculate the greatest common divisor of p and 16.
8
Let m be (-76 - -1)/((-15)/10). Suppose 42*z = 47*z - 4*o - 2254, -9*z + 2*o + 4052 = 0. Calculate the highest common divisor of m and z.
50
Let b(p) = -90*p + 1156. Let m be b(10). Calculate the greatest common divisor of 736 and m.
32
Let j = -13875 - -15797. What is the highest common divisor of 496 and j?
62
Let f be 1/((-3)/((-90)/2)). Let q be 3/f + 648/10. Calculate the greatest common divisor of q and 52.
13
Let f be (-18)/(-4) - 3/(-6). Let p(m) = -m + 0*m - 1 - 3*m**2 + 2*m**3 + 2. Let n be p(3). Calculate the highest common factor of n and f.
5
Suppose 5*i - 4*i = 5*p - 71, -5*p = i - 59. What is the greatest common factor of p and 2353?
13
Let o be (216/972 - 23/(-18))*(133 - -1). Calculate the highest common factor of o and 9.
3
Let g(b) = 75*b + 4132. Let f be g(-55). What is the greatest common factor of 11326 and f?
7
Suppose -21*n + 2736 = 615. Suppose -t = -2*t - 3*k + n, 5*t + 3*k = 517. Calculate the highest common factor of t and 13.
13
Suppose 505 = d - 5*r + 89, 5*r = -2*d + 892. Let j be d - 5/((-210)/(-36) - 5). Suppose i + i - 86 = 0. Calculate the highest common divisor of j and i.
43
Suppose 56*i = 42*i + 17080. Calculate the highest common factor of 60 and i.
20
Let n = -355 + 348. Let b be (-35)/n - 0 - -53. What is the highest common factor of b and 29?
29
Let o = -2117 - -2467. What is the greatest common divisor of 80 and o?
10
Let r(m) = -m**3 + 11*m**2 - 10*m + 9. Let s be r(10). Suppose -6 = -s*p + 6*p. Suppose -6 + 14 = p*z. Calculate the greatest common divisor of z and 8.
4
Let n(p) = 6*p - 8. Let z be n(-22). Let q = z - -143. Let y be (3 - 13)*q/(-12)*2. Ca